{"id":47,"date":"2021-09-23T17:06:28","date_gmt":"2021-09-23T17:06:28","guid":{"rendered":"http:\/\/adwokat-rafalski.waw.pl\/?page_id=47"},"modified":"2021-10-22T06:40:16","modified_gmt":"2021-10-22T06:40:16","slug":"sprawy-cywilne","status":"publish","type":"page","link":"https:\/\/adwokat-rafalski.waw.pl\/index.php\/sprawy\/sprawy-cywilne\/","title":{"rendered":"Sprawy cywilne"},"content":{"rendered":"\n<div class=\"wp-block-image\"><figure class=\"aligncenter size-full is-resized\"><img loading=\"lazy\" decoding=\"async\" src=\"http:\/\/adwokat-rafalski.waw.pl\/wp-content\/uploads\/2021\/10\/napis1.png\" alt=\"\" class=\"wp-image-208\" width=\"750\" height=\"113\" srcset=\"https:\/\/adwokat-rafalski.waw.pl\/wp-content\/uploads\/2021\/10\/napis1.png 1000w, https:\/\/adwokat-rafalski.waw.pl\/wp-content\/uploads\/2021\/10\/napis1-300x45.png 300w, https:\/\/adwokat-rafalski.waw.pl\/wp-content\/uploads\/2021\/10\/napis1-768x115.png 768w\" sizes=\"auto, (max-width: 750px) 100vw, 750px\" \/><\/figure><\/div>\n\n\n\n<p>Kancelaria \u015bwiadczy kompleksow\u0105 pomoc prawn\u0105 w sprawach z zakresu szeroko poj\u0119tego prawa cywilnego. Prowadzimy mi\u0119dzy innymi:<\/p>\n\n\n\n<p>&#8211; sprawy o zap\u0142at\u0119<\/p>\n\n\n\n<p>&#8211; sprawy o odszkodowanie i zado\u015b\u0107uczynienie pieni\u0119\u017cne z tytu\u0142u czyn\u00f3w niedozwolonych (w szczeg\u00f3lno\u015bci odszkodowania z tytu\u0142u wypadk\u00f3w drogowych, b\u0142\u0119d\u00f3w sztuce lekarskiej, przest\u0119pstw, naruszenia d\u00f3br osobistych) \u2013 reprezentujemy Klient\u00f3w zar\u00f3wno w sporach z osobami prywatnymi, jak i firmami oraz ubezpieczycielami<\/p>\n\n\n\n<p>&#8211; sprawy o odszkodowanie z tytu\u0142u niewykonania lub nienale\u017cytego wykonania umowy<\/p>\n\n\n\n<p>&#8211; sprawy spadkowe \u2013 w szczeg\u00f3lno\u015bci sprawy o stwierdzenie nabycia spadku, o odsuni\u0119cie niegodnego spadkobiercy od dziedziczenia, o dzia\u0142 spadku, o zachowek,&nbsp;<\/p>\n\n\n\n<p>&#8211; sprawy dotycz\u0105ce nieruchomo\u015bci \u2013 m.in. o ustalenie stanu prawnego nieruchomo\u015bci, o zasiedzenie, sprawy wieczysto ksi\u0119gowe o ustanowienie s\u0142u\u017cebno\u015bci drogi koniecznej i s\u0142u\u017cebno\u015bci przesy\u0142u, o zniesienie wsp\u00f3\u0142w\u0142asno\u015bci nieruchomo\u015bci, o zarz\u0105d nieruchomo\u015bci\u0105 wsp\u00f3ln\u0105 oraz sprawy o rozgraniczenie nieruchomo\u015bci<\/p>\n\n\n\n<p>&#8211; sprawy o wydanie nieruchomo\u015bci<\/p>\n\n\n\n<p>&#8211; sprawy eksmisyjne<\/p>\n\n\n\n<p>&#8211; sprawy egzekucyjne \u2013 pomagamy zablokowa\u0107 egzekucje komornicze \u2013 skrupulatnie punktujemy ka\u017cdy b\u0142\u0105d komornika, co pomaga skutecznie zniweczy\u0107 dzia\u0142ania przeciwnika procesowego<\/p>\n\n\n\n<p>&#8211; sprawy dotycz\u0105ce spor\u00f3w mi\u0119dzys\u0105siedzkich oraz spor\u00f3w w sp\u00f3\u0142dzielniach mieszkaniowych i wsp\u00f3lnotach mieszkaniowych<\/p>\n\n\n\n<p>\u015awiadczymy kompleksow\u0105 pomoc prawn\u0105 na wszystkich etapach post\u0119powania cywilnego \u2013 od etapu negocjacji przeds\u0105dowych, przez wszystkie instancje, jak r\u00f3wnie\u017c po uprawomocnieniu si\u0119 orzeczenia. Zajmujemy si\u0119 tak\u017ce profesjonalnym doradztwem prawnym, przygotowujemy dla Klient\u00f3w wzory um\u00f3w, pism procesowych oraz opinie prawne. Pomagamy tak\u017ce wynegocjowa\u0107 Klientom korzystne dla nich warunki umowy oraz polubowne rozwi\u0105zanie sporu.<\/p>\n\n\n\n<p>Istnieje mo\u017cliwo\u015b\u0107 r\u00f3wnoleg\u0142ej reprezentacji Klienta w post\u0119powaniu cywilnym i karnym w sprawach o odszkodowanie i zado\u015b\u0107uczynienie z tytu\u0142u przest\u0119pstwa.<\/p>\n\n\n\n<div class=\"wp-block-image\"><figure class=\"aligncenter size-full is-resized\"><img loading=\"lazy\" decoding=\"async\" src=\"http:\/\/adwokat-rafalski.waw.pl\/wp-content\/uploads\/2021\/10\/telefon.png\" alt=\"\" class=\"wp-image-209\" width=\"750\" height=\"113\" srcset=\"https:\/\/adwokat-rafalski.waw.pl\/wp-content\/uploads\/2021\/10\/telefon.png 1000w, https:\/\/adwokat-rafalski.waw.pl\/wp-content\/uploads\/2021\/10\/telefon-300x45.png 300w, https:\/\/adwokat-rafalski.waw.pl\/wp-content\/uploads\/2021\/10\/telefon-768x115.png 768w\" sizes=\"auto, (max-width: 750px) 100vw, 750px\" \/><\/figure><\/div>\n","protected":false},"excerpt":{"rendered":"<p>Kancelaria \u015bwiadczy kompleksow\u0105 pomoc prawn\u0105 w sprawach z zakresu szeroko poj\u0119tego prawa cywilnego. Prowadzimy mi\u0119dzy innymi: &#8211; sprawy o zap\u0142at\u0119 &#8211; sprawy o odszkodowanie i zado\u015b\u0107uczynienie pieni\u0119\u017cne z tytu\u0142u czyn\u00f3w niedozwolonych (w szczeg\u00f3lno\u015bci odszkodowania z tytu\u0142u wypadk\u00f3w drogowych, b\u0142\u0119d\u00f3w sztuce lekarskiej, przest\u0119pstw, naruszenia d\u00f3br osobistych) \u2013 reprezentujemy Klient\u00f3w zar\u00f3wno w sporach z osobami prywatnymi, jak [&hellip;]<\/p>\n","protected":false},"author":1,"featured_media":0,"parent":45,"menu_order":1,"comment_status":"closed","ping_status":"closed","template":"","meta":{"footnotes":""},"class_list":["post-47","page","type-page","status-publish","hentry"],"_links":{"self":[{"href":"https:\/\/adwokat-rafalski.waw.pl\/index.php\/wp-json\/wp\/v2\/pages\/47","targetHints":{"allow":["GET"]}}],"collection":[{"href":"https:\/\/adwokat-rafalski.waw.pl\/index.php\/wp-json\/wp\/v2\/pages"}],"about":[{"href":"https:\/\/adwokat-rafalski.waw.pl\/index.php\/wp-json\/wp\/v2\/types\/page"}],"author":[{"embeddable":true,"href":"https:\/\/adwokat-rafalski.waw.pl\/index.php\/wp-json\/wp\/v2\/users\/1"}],"replies":[{"embeddable":true,"href":"https:\/\/adwokat-rafalski.waw.pl\/index.php\/wp-json\/wp\/v2\/comments?post=47"}],"version-history":[{"count":3,"href":"https:\/\/adwokat-rafalski.waw.pl\/index.php\/wp-json\/wp\/v2\/pages\/47\/revisions"}],"predecessor-version":[{"id":236,"href":"https:\/\/adwokat-rafalski.waw.pl\/index.php\/wp-json\/wp\/v2\/pages\/47\/revisions\/236"}],"up":[{"embeddable":true,"href":"https:\/\/adwokat-rafalski.waw.pl\/index.php\/wp-json\/wp\/v2\/pages\/45"}],"wp:attachment":[{"href":"https:\/\/adwokat-rafalski.waw.pl\/index.php\/wp-json\/wp\/v2\/media?parent=47"}],"curies":[{"name":"wp","href":"https:\/\/api.w.org\/{rel}","templated":true}]}}